Let n be 43/9 - 22/(-99). Suppose 2*x + 3*w = -x + 45, w = x - n. What are the prime factors of x?
2, 5
Suppose 0 = -3*h - 0*h + 15. List the prime factors of h.
5
Let j = -8 - -50. What are the prime factors of j?
2, 3, 7
Suppose -5 = -5*b + 15. Let p be (-6)/(-4)*b/(-6). Let f(m) = 7*m**2 - 1. List the prime factors of f(p).
2, 3
Suppose 3*v + 102 = 3*u, -u = -2*u + 3*v + 24. What are the prime factors of u?
3, 13
Suppose 5 = 4*y - 7. Suppose v + 8 = -v - 2*f, 2*v + 12 = -y*f. Suppose -2*u - 2*u + 56 = v. What are the prime factors of u?
2, 7
Let k(b) = b - 3. What are the prime factors of k(5)?
2
Let z(u) = u**3 + 5*u**2 + 2*u - 2. Let d(w) = w**2 - 12. Let y be d(0). Let i be (4/(-6))/((-2)/y). What are the prime factors of z(i)?
2, 3
Let i be (-1)/6 - (-26)/12. Suppose i*g + g - 12 = 0. List the prime factors of g.
2
Suppose -5*n - 4 = -7*n. Suppose -2*c = 3*d - 67, 4*c - 65 - 29 = n*d. List the prime factors of c.
2, 13
Let d be (-2 - -3)/1 + 24. Let o = d + -12. List the prime factors of o.
13
Let j(q) = -6*q - 7. Let b = 1 + -6. What are the prime factors of j(b)?
23
Suppose -7 + 111 = 2*l. Suppose -4*m + l = -2*m. What are the prime factors of m?
2, 13
Suppose 0 = 5*i - i - 20. Suppose -i*y - 48 + 123 = 0. What are the prime factors of y?
3, 5
Let j(d) = 33*d - 27. List the prime factors of j(9).
2, 3, 5
Let i = 75 + 19. What are the prime factors of i?
2, 47
Suppose a - 90 = -3*w, -430 + 126 = -4*a + 2*w. What are the prime factors of a?
2, 3, 13
Let z(w) = -w**3 + 2*w + 62. What are the prime factors of z(0)?
2, 31
Let p be (-1)/(-1*(-2)/(-4)). Suppose 2*f - 34 = -3*l, -5*l - f = -p*f - 61. What are the prime factors of l?
2, 3
Let d = 46 - 16. List the prime factors of d.
2, 3, 5
Suppose -5*k + 3 = -17. What are the prime factors of 15/(-2)*k/(-3)?
2, 5
Let r = 3 - 2. List the prime factors of (12/1)/(r - -1).
2, 3
Suppose -2*x = -72 + 22. Let k = 43 - x. Let a = k - 12. List the prime factors of a.
2, 3
Let x = -60 - -110. List the prime factors of x.
2, 5
Let w be ((-1)/(-2))/(1/(-12)). Let k = w - 6. Let t = -7 - k. What are the prime factors of t?
5
Let g(m) = m**3 + 5*m**2 + 4*m + 4. Let d be g(-4). Suppose -d*z = -a + 6*a - 144, 0 = 2*a. List the prime factors of z.
2, 3
Let z = 209 - 39. List the prime factors of z.
2, 5, 17
Suppose -2*j - 4*c + 5 = -61, 4*c = -4*j + 120. List the prime factors of j.
3
Let n = -5 + 9. Suppose 5*p + 3*u - 42 = 33, 60 = n*p + 2*u. List the prime factors of p.
3, 5
Suppose 3*m = -4 - 11. What are the prime factors of m/((-20)/(-12)) - -7?
2
Let q = -8 + 34. What are the prime factors of 1/(-3) + q/6?
2
Let r = -87 - -160. List the prime factors of r.
73
Suppose 110 + 46 = 4*r. Let s be r*(2/(-6))/(-1). Suppose 5*k - 17 = 4*p + s, -2*p = -3*k + 20. List the prime factors of k.
2, 5
Let p = 134 - -14. List the prime factors of p.
2, 37
What are the prime factors of (-1661)/(-99) + 4/18?
17
Suppose 0*g + 4*g = 16. Let p be (-2 - 0)*(-10)/g. Suppose 0 = -2*a, 2*l - 2*a = p + 3. List the prime factors of l.
2
Suppose -2*g = 4*i - 163 + 31, -5*g = 10. What are the prime factors of i?
2, 17
Let b(l) = 10*l - 3. List the prime factors of b(6).
3, 19
Let g = 490 - 284. What are the prime factors of g?
2, 103
Let l(i) = 2*i + 8. Let f be l(-8). Let w = 5 + f. What are the prime factors of (-3)/(w/2) - -10?
2, 3
Suppose 0*n = -4*n + 4*s + 120, -2*s = 4*n - 108. What are the prime factors of n?
2, 7
Suppose -q + 29 = -3*n, -4*n + 9 + 39 = 3*q. What are the prime factors of q?
2, 5
Let i = 15 + -11. Let o = -1 + i. Suppose -4*p = k - 49, -o*p + 12 = -5*k - 19. List the prime factors of p.
2, 3
Suppose 56 = -6*b + 8*b. List the prime factors of b.
2, 7
Let c be 36/15*(7 - 2). Suppose f + c = 2*f. List the prime factors of f.
2, 3
Suppose 3*j - 111 = s, -3*s + 42 = j - 5*s. What are the prime factors of j?
2, 3
List the prime factors of (4 - 0) + (245 - 1) + -1.
13, 19
Suppose -2*l = -0*l - 30. Let o(u) = u - 2. Let g be o(-2). Let s = l + g. List the prime factors of s.
11
Suppose 0 = 2*y - 3*y. Suppose y = -3*i - i. Let z = 9 + i. List the prime factors of z.
3
Let j = 215 + -103. What are the prime factors of j?
2, 7
Let y(g) = -2*g + 4. Let h be y(-6). Let w = h + -10. List the prime factors of w.
2, 3
Suppose -4*v = -10*v + 414. What are the prime factors of v?
3, 23
Let p be (-9)/(-21) - (-2136)/14. Let o = p + -99. What are the prime factors of o?
2, 3
Suppose 13 = a - 2*j, 5*a = 3*j + 23 + 7. Suppose -a*y + 4 = -8. List the prime factors of y.
2
Let u = -55 + 59. What are the prime factors of u?
2
Let r be (-2)/4 + 38/4. Let c = r - 4. Suppose 0 = 3*s + o - 35, s + s - 12 = c*o. What are the prime factors of s?
11
Let i be 6 - (2 - (-3)/(-3)). Suppose 0 = 2*z - 4*j + 4, -z + j - 10 = -i*z. What are the prime factors of (z - (5 - 2))*-11?
11
Suppose -5*i + 3*a - 2*a = -295, 5*a = -25. Let d = i + -32. What are the prime factors of d?
2, 13
Let d = 45 - 29. Suppose -6 = -2*b + d. What are the prime factors of b?
11
Let m = 25 - 17. What are the prime factors of m?
2
List the prime factors of 33/((-1)/2*-2).
3, 11
Let w = 147 - 67. What are the prime factors of w?
2, 5
Let z(v) = v + 1. Let a be z(0). Suppose y = a + 3. What are the prime factors of y?
2
What are the prime factors of 144 - 2/((-10)/25)?
149
List the prime factors of 2 - ((-1 - 25) + 4).
2, 3
Suppose 0 = -5*i + i + 256. What are the prime factors of i?
2
Suppose 0 = -w - 12 + 12. Let t be -1*(-5)/2*2. Suppose -t*n + 55 = -w*n. What are the prime factors of n?
11
Suppose 3*a + 240 = 3*k, 4*k + k = -4*a + 355. List the prime factors of k.
3, 5
Let n be (-304)/(-14) + 2/7. Suppose 2*u + n = -2. Let a = 28 + u. List the prime factors of a.
2
Let m(l) = l + 8 - 3 - 2*l. Let v be m(5). Suppose -3*x + 4*g + 17 = v, 0*x = x - 3*g + 1. List the prime factors of x.
11
Suppose 0*g = -4*g + 3*k + 221, -5*g + 284 = 4*k. Suppose -2*j + 2*z - 4*z - 26 = 0, 0 = -4*j - 5*z - g. Let l = -3 - j. What are the prime factors of l?
2, 3
Suppose -4*y + 28 = 6*m - m, -5*y + 26 = 4*m. Suppose -m = -s + 12. List the prime factors of s.
2
Let w(u) be the first derivative of -u**4/4 - u**3/3 + u**2/2 + 10*u + 1. What are the prime factors of w(0)?
2, 5
Suppose -12 = 3*x, -5*z - 4*x - 3 = -2. Suppose -6*m = -11*m + 4*y + 134, 0 = -4*m - z*y + 101. List the prime factors of m.
2, 13
Let a(t) be the second derivative of -3*t**5/10 - t**4/6 - t**3/3 - t**2/2 - 6*t. List the prime factors of a(-1).
5
Suppose -u - 2*h - 5 = -13, -9 = -3*u - h. Suppose 2*q - 33 = 5*j, -27 = -2*q + j - u*j. List the prime factors of q.
2, 7
Let u = 48 + -35. List the prime factors of u.
13
Let l be (-6*7)/(9/(-12)). Suppose 4*y - 4*f = 77 + 7, 0 = -4*y - 3*f + l. What are the prime factors of y?
17
Suppose -9 - 15 = 3*l. What are the prime factors of (-102)/l + (-3)/(-12)?
13
Suppose -2*l = l. Let z(c) be the first derivative of -c**3/3 - c**2/2 + 2*c - 1. What are the prime factors of z(l)?
2
Suppose -5*d + 20 = -0*d. Suppose 0 = g - d*w + 17, 0*g - w + 20 = -g. Let l = -7 - g. What are the prime factors of l?
2, 7
Let v(t) = -18*t**3 - t**2 - 7*t - 5. Let r(s) = -37*s**3 - 2*s**2 - 15*s - 11. Let x(w) = 6*r(w) - 13*v(w). What are the prime factors of x(1)?
13
Suppose -9*y + 25 = -4*y. List the prime factors of y.
5
Let j(a) = 15*a**2 + 6*a - 3. What are the prime factors of j(4)?
3, 29
Suppose k + 210 = 6*k. What are the prime factors of k?
2, 3, 7
Let l(a) = 24*a - 2. What are the prime factors of l(5)?
2, 59
Let g(d) = -d**3 + 4*d**2 - d + 2. Let t be g(3). Suppose -t*q + 32 = -6*q. Let p = q + -10. List the prime factors of p.
2, 3
Let u = -8 - -11. Suppose -2*v + 3*r + 50 + 22 = 0, -3*r = 0. Suppose -u*m + v = 6. List the prime factors of m.
2, 5
Suppose -1679 = -4*z - 555. List the prime factors of z.
281
Suppose 2*y - y - 1 = -n, 5*n + 2*y = 11. Suppose k + 58 = n*o, -4*o + 3*k + 69 = -0*o. What are the prime factors of o?
3, 7
Suppose -5*q + q + 168 = 0. What are the prime factors of q?
2, 3, 7
Suppose -2 = 3*m - 14. Suppose 0*v + 12 = m*v. Suppose -v*b + 4 + 5 = 0. What are the prime factors of b?
3
Suppose -4*k + 77 = 5. What are the prime factors of k?
2, 3
Suppose 4*x - 1 = 11. Suppose 2*d - 13 = -2*f + x*d, -5*d = f + 21. Suppose 4*p - o = 71, 0 = -f*p + 3*o + 117 - 40. Li